{"id":1378,"date":"2025-01-14T15:53:59","date_gmt":"2025-01-14T14:53:59","guid":{"rendered":"https:\/\/www.popeline-store.com\/?post_type=product&#038;p=1378"},"modified":"2025-04-02T12:05:53","modified_gmt":"2025-04-02T10:05:53","slug":"blazer-a-capuche-amovible-archie-beige-taille-unique","status":"publish","type":"product","link":"https:\/\/www.popeline-store.com\/index.php\/produit\/blazer-a-capuche-amovible-archie-beige-taille-unique\/","title":{"rendered":"Blazer \u00e0 capuche amovible ARCHIE beige &#8211; Taille Unique"},"content":{"rendered":"<h4><strong>Blazer \u00e0 capuche amovible ARCHIE beige &#8211; Taille Unique<\/strong><\/h4>\n<p>Le blazer se ferme avec un bouton unique au centre, marquant la taille tout en gardant une certaine fluidit\u00e9 dans la silhouette.<\/p>\n<p>Ce blazer \u00e0 capuche amovible est la pi\u00e8ce id\u00e9ale pour jouer sur les contrastes entre des \u00e9l\u00e9ments formels et d\u00e9contract\u00e9s, cr\u00e9ant une tenue polyvalente et contemporaine.<\/p>\n<p>Taille Unique du 34 au 42<\/p>\n","protected":false},"excerpt":{"rendered":"<p>Le blazer \u00e0 capuche amovible ARCHIE incarne un m\u00e9lange subtil entre sophistication et d\u00e9contraction.<\/p>\n<p>Con\u00e7u dans une teinte claire, proche du beige ou de l&rsquo;ivoire, offrant une allure douce et minimaliste. Sa coupe l\u00e9g\u00e8rement oversize renforce son c\u00f4t\u00e9 d\u00e9contract\u00e9 tout en maintenant une \u00e9l\u00e9gance structur\u00e9e gr\u00e2ce \u00e0 ses revers de col classiques.<\/p>\n<p>La capuche amovible apporte une touche sportive et moderne, contrastant avec le formalisme du blazer. La capuche est faite dans un tissu l\u00e9ger, parfait pour ajouter du confort sans compromettre l\u2019\u00e9l\u00e9gance.<\/p>\n<p>Les manches arborent des bandes lat\u00e9rales ton sur ton, un d\u00e9tail inspir\u00e9 du style athl\u00e9tique, qui rehausse l\u2019originalit\u00e9 de la pi\u00e8ce tout en lui donnant un aspect dynamique.<\/p>\n<p>&nbsp;<\/p>\n","protected":false},"featured_media":1382,"comment_status":"open","ping_status":"closed","template":"","meta":{"_et_pb_use_builder":"","_et_pb_old_content":"","_et_gb_content_width":"","om_disable_all_campaigns":false},"product_brand":[],"product_cat":[41],"product_tag":[],"class_list":{"0":"post-1378","1":"product","2":"type-product","3":"status-publish","4":"has-post-thumbnail","6":"product_cat-vestes-manteaux","8":"first","9":"instock","10":"taxable","11":"shipping-taxable","12":"purchasable","13":"product-type-simple"},"yoast_head":"<!-- This site is optimized with the Yoast SEO plugin v27.2 - https:\/\/yoast.com\/product\/yoast-seo-wordpress\/ -->\n<title>Blazer \u00e0 capuche amovible ARCHIE beige - Taille Unique - Popeline Store, boutique pr\u00eat \u00e0 porter sur B\u00e9ziers<\/title>\n<meta name=\"robots\" content=\"index, follow, max-snippet:-1, max-image-preview:large, max-video-preview:-1\" \/>\n<link rel=\"canonical\" href=\"https:\/\/www.popeline-store.com\/index.php\/produit\/blazer-a-capuche-amovible-archie-beige-taille-unique\/\" \/>\n<meta property=\"og:locale\" content=\"fr_FR\" \/>\n<meta property=\"og:type\" content=\"article\" \/>\n<meta property=\"og:title\" content=\"Blazer \u00e0 capuche amovible ARCHIE beige - Taille Unique - Popeline Store, boutique pr\u00eat \u00e0 porter sur B\u00e9ziers\" \/>\n<meta property=\"og:description\" content=\"Le blazer \u00e0 capuche amovible ARCHIE incarne un m\u00e9lange subtil entre sophistication et d\u00e9contraction.  Con\u00e7u dans une teinte claire, proche du beige ou de l&#039;ivoire, offrant une allure douce et minimaliste. Sa coupe l\u00e9g\u00e8rement oversize renforce son c\u00f4t\u00e9 d\u00e9contract\u00e9 tout en maintenant une \u00e9l\u00e9gance structur\u00e9e gr\u00e2ce \u00e0 ses revers de col classiques.  La capuche amovible apporte une touche sportive et moderne, contrastant avec le formalisme du blazer. La capuche est faite dans un tissu l\u00e9ger, parfait pour ajouter du confort sans compromettre l\u2019\u00e9l\u00e9gance.  Les manches arborent des bandes lat\u00e9rales ton sur ton, un d\u00e9tail inspir\u00e9 du style athl\u00e9tique, qui rehausse l\u2019originalit\u00e9 de la pi\u00e8ce tout en lui donnant un aspect dynamique.  &nbsp;\" \/>\n<meta property=\"og:url\" content=\"https:\/\/www.popeline-store.com\/index.php\/produit\/blazer-a-capuche-amovible-archie-beige-taille-unique\/\" \/>\n<meta property=\"og:site_name\" content=\"Popeline Store, boutique pr\u00eat \u00e0 porter sur B\u00e9ziers\" \/>\n<meta property=\"article:modified_time\" content=\"2025-04-02T10:05:53+00:00\" \/>\n<meta property=\"og:image\" content=\"https:\/\/www.popeline-store.com\/wp-content\/uploads\/2025\/01\/Capture-decran-2025-01-14-a-15.49.00.png\" \/>\n\t<meta property=\"og:image:width\" content=\"724\" \/>\n\t<meta property=\"og:image:height\" content=\"1066\" \/>\n\t<meta property=\"og:image:type\" content=\"image\/png\" \/>\n<meta name=\"twitter:card\" content=\"summary_large_image\" \/>\n<script type=\"application\/ld+json\" class=\"yoast-schema-graph\">{\"@context\":\"https:\/\/schema.org\",\"@graph\":[{\"@type\":\"WebPage\",\"@id\":\"https:\/\/www.popeline-store.com\/index.php\/produit\/blazer-a-capuche-amovible-archie-beige-taille-unique\/\",\"url\":\"https:\/\/www.popeline-store.com\/index.php\/produit\/blazer-a-capuche-amovible-archie-beige-taille-unique\/\",\"name\":\"Blazer \u00e0 capuche amovible ARCHIE beige - Taille Unique - Popeline Store, boutique pr\u00eat \u00e0 porter sur B\u00e9ziers\",\"isPartOf\":{\"@id\":\"https:\/\/www.popeline-store.com\/#website\"},\"primaryImageOfPage\":{\"@id\":\"https:\/\/www.popeline-store.com\/index.php\/produit\/blazer-a-capuche-amovible-archie-beige-taille-unique\/#primaryimage\"},\"image\":{\"@id\":\"https:\/\/www.popeline-store.com\/index.php\/produit\/blazer-a-capuche-amovible-archie-beige-taille-unique\/#primaryimage\"},\"thumbnailUrl\":\"https:\/\/www.popeline-store.com\/wp-content\/uploads\/2025\/01\/Capture-decran-2025-01-14-a-15.49.00.png\",\"datePublished\":\"2025-01-14T14:53:59+00:00\",\"dateModified\":\"2025-04-02T10:05:53+00:00\",\"breadcrumb\":{\"@id\":\"https:\/\/www.popeline-store.com\/index.php\/produit\/blazer-a-capuche-amovible-archie-beige-taille-unique\/#breadcrumb\"},\"inLanguage\":\"fr-FR\",\"potentialAction\":[{\"@type\":\"ReadAction\",\"target\":[\"https:\/\/www.popeline-store.com\/index.php\/produit\/blazer-a-capuche-amovible-archie-beige-taille-unique\/\"]}]},{\"@type\":\"ImageObject\",\"inLanguage\":\"fr-FR\",\"@id\":\"https:\/\/www.popeline-store.com\/index.php\/produit\/blazer-a-capuche-amovible-archie-beige-taille-unique\/#primaryimage\",\"url\":\"https:\/\/www.popeline-store.com\/wp-content\/uploads\/2025\/01\/Capture-decran-2025-01-14-a-15.49.00.png\",\"contentUrl\":\"https:\/\/www.popeline-store.com\/wp-content\/uploads\/2025\/01\/Capture-decran-2025-01-14-a-15.49.00.png\",\"width\":724,\"height\":1066},{\"@type\":\"BreadcrumbList\",\"@id\":\"https:\/\/www.popeline-store.com\/index.php\/produit\/blazer-a-capuche-amovible-archie-beige-taille-unique\/#breadcrumb\",\"itemListElement\":[{\"@type\":\"ListItem\",\"position\":1,\"name\":\"Accueil\",\"item\":\"https:\/\/www.popeline-store.com\/\"},{\"@type\":\"ListItem\",\"position\":2,\"name\":\"Boutique\",\"item\":\"https:\/\/www.popeline-store.com\/index.php\/popeline-beziers-page-boutique\/\"},{\"@type\":\"ListItem\",\"position\":3,\"name\":\"Blazer \u00e0 capuche amovible ARCHIE beige &#8211; Taille Unique\"}]},{\"@type\":\"WebSite\",\"@id\":\"https:\/\/www.popeline-store.com\/#website\",\"url\":\"https:\/\/www.popeline-store.com\/\",\"name\":\"Popeline B\u00e9ziers, boutique pr\u00eat \u00e0 porter sur B\u00e9ziers\",\"description\":\"Popeline est une boutique de mode f\u00e9minine situ\u00e9e \u00e0 B\u00e9ziers, H\u00e9rault, France. Vous y trouverez une large gamme de v\u00eatements tendance, accessoires \u00e9l\u00e9gants ..\",\"publisher\":{\"@id\":\"https:\/\/www.popeline-store.com\/#organization\"},\"potentialAction\":[{\"@type\":\"SearchAction\",\"target\":{\"@type\":\"EntryPoint\",\"urlTemplate\":\"https:\/\/www.popeline-store.com\/?s={search_term_string}\"},\"query-input\":{\"@type\":\"PropertyValueSpecification\",\"valueRequired\":true,\"valueName\":\"search_term_string\"}}],\"inLanguage\":\"fr-FR\"},{\"@type\":\"Organization\",\"@id\":\"https:\/\/www.popeline-store.com\/#organization\",\"name\":\"Popeline \u00e0 B\u00e9ziers, boutique pr\u00eat \u00e0 porter sur B\u00e9ziers\",\"url\":\"https:\/\/www.popeline-store.com\/\",\"logo\":{\"@type\":\"ImageObject\",\"inLanguage\":\"fr-FR\",\"@id\":\"https:\/\/www.popeline-store.com\/#\/schema\/logo\/image\/\",\"url\":\"https:\/\/www.popeline-store.com\/wp-content\/uploads\/2024\/12\/PopLogoReduc.png\",\"contentUrl\":\"https:\/\/www.popeline-store.com\/wp-content\/uploads\/2024\/12\/PopLogoReduc.png\",\"width\":500,\"height\":500,\"caption\":\"Popeline \u00e0 B\u00e9ziers, boutique pr\u00eat \u00e0 porter sur B\u00e9ziers\"},\"image\":{\"@id\":\"https:\/\/www.popeline-store.com\/#\/schema\/logo\/image\/\"},\"sameAs\":[\"https:\/\/www.instagram.com\/popeline_beziers\/\"]}]}<\/script>\n<!-- \/ Yoast SEO plugin. -->","yoast_head_json":{"title":"Blazer \u00e0 capuche amovible ARCHIE beige - Taille Unique - Popeline Store, boutique pr\u00eat \u00e0 porter sur B\u00e9ziers","robots":{"index":"index","follow":"follow","max-snippet":"max-snippet:-1","max-image-preview":"max-image-preview:large","max-video-preview":"max-video-preview:-1"},"canonical":"https:\/\/www.popeline-store.com\/index.php\/produit\/blazer-a-capuche-amovible-archie-beige-taille-unique\/","og_locale":"fr_FR","og_type":"article","og_title":"Blazer \u00e0 capuche amovible ARCHIE beige - Taille Unique - Popeline Store, boutique pr\u00eat \u00e0 porter sur B\u00e9ziers","og_description":"Le blazer \u00e0 capuche amovible ARCHIE incarne un m\u00e9lange subtil entre sophistication et d\u00e9contraction.  Con\u00e7u dans une teinte claire, proche du beige ou de l'ivoire, offrant une allure douce et minimaliste. Sa coupe l\u00e9g\u00e8rement oversize renforce son c\u00f4t\u00e9 d\u00e9contract\u00e9 tout en maintenant une \u00e9l\u00e9gance structur\u00e9e gr\u00e2ce \u00e0 ses revers de col classiques.  La capuche amovible apporte une touche sportive et moderne, contrastant avec le formalisme du blazer. La capuche est faite dans un tissu l\u00e9ger, parfait pour ajouter du confort sans compromettre l\u2019\u00e9l\u00e9gance.  Les manches arborent des bandes lat\u00e9rales ton sur ton, un d\u00e9tail inspir\u00e9 du style athl\u00e9tique, qui rehausse l\u2019originalit\u00e9 de la pi\u00e8ce tout en lui donnant un aspect dynamique.  &nbsp;","og_url":"https:\/\/www.popeline-store.com\/index.php\/produit\/blazer-a-capuche-amovible-archie-beige-taille-unique\/","og_site_name":"Popeline Store, boutique pr\u00eat \u00e0 porter sur B\u00e9ziers","article_modified_time":"2025-04-02T10:05:53+00:00","og_image":[{"width":724,"height":1066,"url":"https:\/\/www.popeline-store.com\/wp-content\/uploads\/2025\/01\/Capture-decran-2025-01-14-a-15.49.00.png","type":"image\/png"}],"twitter_card":"summary_large_image","schema":{"@context":"https:\/\/schema.org","@graph":[{"@type":"WebPage","@id":"https:\/\/www.popeline-store.com\/index.php\/produit\/blazer-a-capuche-amovible-archie-beige-taille-unique\/","url":"https:\/\/www.popeline-store.com\/index.php\/produit\/blazer-a-capuche-amovible-archie-beige-taille-unique\/","name":"Blazer \u00e0 capuche amovible ARCHIE beige - Taille Unique - Popeline Store, boutique pr\u00eat \u00e0 porter sur B\u00e9ziers","isPartOf":{"@id":"https:\/\/www.popeline-store.com\/#website"},"primaryImageOfPage":{"@id":"https:\/\/www.popeline-store.com\/index.php\/produit\/blazer-a-capuche-amovible-archie-beige-taille-unique\/#primaryimage"},"image":{"@id":"https:\/\/www.popeline-store.com\/index.php\/produit\/blazer-a-capuche-amovible-archie-beige-taille-unique\/#primaryimage"},"thumbnailUrl":"https:\/\/www.popeline-store.com\/wp-content\/uploads\/2025\/01\/Capture-decran-2025-01-14-a-15.49.00.png","datePublished":"2025-01-14T14:53:59+00:00","dateModified":"2025-04-02T10:05:53+00:00","breadcrumb":{"@id":"https:\/\/www.popeline-store.com\/index.php\/produit\/blazer-a-capuche-amovible-archie-beige-taille-unique\/#breadcrumb"},"inLanguage":"fr-FR","potentialAction":[{"@type":"ReadAction","target":["https:\/\/www.popeline-store.com\/index.php\/produit\/blazer-a-capuche-amovible-archie-beige-taille-unique\/"]}]},{"@type":"ImageObject","inLanguage":"fr-FR","@id":"https:\/\/www.popeline-store.com\/index.php\/produit\/blazer-a-capuche-amovible-archie-beige-taille-unique\/#primaryimage","url":"https:\/\/www.popeline-store.com\/wp-content\/uploads\/2025\/01\/Capture-decran-2025-01-14-a-15.49.00.png","contentUrl":"https:\/\/www.popeline-store.com\/wp-content\/uploads\/2025\/01\/Capture-decran-2025-01-14-a-15.49.00.png","width":724,"height":1066},{"@type":"BreadcrumbList","@id":"https:\/\/www.popeline-store.com\/index.php\/produit\/blazer-a-capuche-amovible-archie-beige-taille-unique\/#breadcrumb","itemListElement":[{"@type":"ListItem","position":1,"name":"Accueil","item":"https:\/\/www.popeline-store.com\/"},{"@type":"ListItem","position":2,"name":"Boutique","item":"https:\/\/www.popeline-store.com\/index.php\/popeline-beziers-page-boutique\/"},{"@type":"ListItem","position":3,"name":"Blazer \u00e0 capuche amovible ARCHIE beige &#8211; Taille Unique"}]},{"@type":"WebSite","@id":"https:\/\/www.popeline-store.com\/#website","url":"https:\/\/www.popeline-store.com\/","name":"Popeline B\u00e9ziers, boutique pr\u00eat \u00e0 porter sur B\u00e9ziers","description":"Popeline est une boutique de mode f\u00e9minine situ\u00e9e \u00e0 B\u00e9ziers, H\u00e9rault, France. Vous y trouverez une large gamme de v\u00eatements tendance, accessoires \u00e9l\u00e9gants ..","publisher":{"@id":"https:\/\/www.popeline-store.com\/#organization"},"potentialAction":[{"@type":"SearchAction","target":{"@type":"EntryPoint","urlTemplate":"https:\/\/www.popeline-store.com\/?s={search_term_string}"},"query-input":{"@type":"PropertyValueSpecification","valueRequired":true,"valueName":"search_term_string"}}],"inLanguage":"fr-FR"},{"@type":"Organization","@id":"https:\/\/www.popeline-store.com\/#organization","name":"Popeline \u00e0 B\u00e9ziers, boutique pr\u00eat \u00e0 porter sur B\u00e9ziers","url":"https:\/\/www.popeline-store.com\/","logo":{"@type":"ImageObject","inLanguage":"fr-FR","@id":"https:\/\/www.popeline-store.com\/#\/schema\/logo\/image\/","url":"https:\/\/www.popeline-store.com\/wp-content\/uploads\/2024\/12\/PopLogoReduc.png","contentUrl":"https:\/\/www.popeline-store.com\/wp-content\/uploads\/2024\/12\/PopLogoReduc.png","width":500,"height":500,"caption":"Popeline \u00e0 B\u00e9ziers, boutique pr\u00eat \u00e0 porter sur B\u00e9ziers"},"image":{"@id":"https:\/\/www.popeline-store.com\/#\/schema\/logo\/image\/"},"sameAs":["https:\/\/www.instagram.com\/popeline_beziers\/"]}]}},"jetpack_sharing_enabled":true,"_links":{"self":[{"href":"https:\/\/www.popeline-store.com\/index.php\/wp-json\/wp\/v2\/product\/1378","targetHints":{"allow":["GET"]}}],"collection":[{"href":"https:\/\/www.popeline-store.com\/index.php\/wp-json\/wp\/v2\/product"}],"about":[{"href":"https:\/\/www.popeline-store.com\/index.php\/wp-json\/wp\/v2\/types\/product"}],"replies":[{"embeddable":true,"href":"https:\/\/www.popeline-store.com\/index.php\/wp-json\/wp\/v2\/comments?post=1378"}],"wp:featuredmedia":[{"embeddable":true,"href":"https:\/\/www.popeline-store.com\/index.php\/wp-json\/wp\/v2\/media\/1382"}],"wp:attachment":[{"href":"https:\/\/www.popeline-store.com\/index.php\/wp-json\/wp\/v2\/media?parent=1378"}],"wp:term":[{"taxonomy":"product_brand","embeddable":true,"href":"https:\/\/www.popeline-store.com\/index.php\/wp-json\/wp\/v2\/product_brand?post=1378"},{"taxonomy":"product_cat","embeddable":true,"href":"https:\/\/www.popeline-store.com\/index.php\/wp-json\/wp\/v2\/product_cat?post=1378"},{"taxonomy":"product_tag","embeddable":true,"href":"https:\/\/www.popeline-store.com\/index.php\/wp-json\/wp\/v2\/product_tag?post=1378"}],"curies":[{"name":"wp","href":"https:\/\/api.w.org\/{rel}","templated":true}]}}