{"id":4506,"date":"2025-11-02T15:53:49","date_gmt":"2025-11-02T14:53:49","guid":{"rendered":"https:\/\/www.popeline-store.com\/?post_type=product&#038;p=4506"},"modified":"2025-12-22T15:52:11","modified_gmt":"2025-12-22T14:52:11","slug":"pantalon-de-tailleur-enzo-brun-fonce","status":"publish","type":"product","link":"https:\/\/www.popeline-store.com\/index.php\/produit\/pantalon-de-tailleur-enzo-brun-fonce\/","title":{"rendered":"Pantalon de tailleur ENZO \u2013 brun fonc\u00e9"},"content":{"rendered":"<h4><strong>Pantalon de tailleur ENZO \u2013 brun fonc\u00e9<\/strong><\/h4>\n<p data-start=\"544\" data-end=\"911\">Dot\u00e9 de <strong data-start=\"552\" data-end=\"574\">pinces sur l\u2019avant<\/strong> qui structurent la silhouette, le pantalon <strong data-start=\"618\" data-end=\"626\">ENZO<\/strong> allie allure et aisance.<br data-start=\"651\" data-end=\"654\" \/>Sa mati\u00e8re douce et fluide lui permet de tomber parfaitement, pour un rendu \u00e0 la fois professionnel et d\u00e9contract\u00e9.<br data-start=\"769\" data-end=\"772\" \/>Sa couleur <strong data-start=\"783\" data-end=\"797\">brun fonc\u00e9<\/strong>, chic et intemporelle, se marie aussi bien avec des tons clairs qu\u2019avec des couleurs automnales plus soutenues.<\/p>\n<p data-start=\"913\" data-end=\"1021\"><strong data-start=\"913\" data-end=\"926\">Coloris :<\/strong> Brun fonc\u00e9<br data-start=\"937\" data-end=\"940\" \/><strong data-start=\"940\" data-end=\"951\">Style :<\/strong> Tailleur chic, citadin, intemporel<br data-start=\"986\" data-end=\"989\" \/><strong data-start=\"989\" data-end=\"1008\">Disponibilit\u00e9 :<\/strong> du XS au L<\/p>\n<h4 data-start=\"1023\" data-end=\"1056\"><strong>Caract\u00e9ristiques techniques<\/strong><\/h4>\n<ul data-start=\"1057\" data-end=\"1234\">\n<li data-start=\"1057\" data-end=\"1116\">\n<p data-start=\"1059\" data-end=\"1116\">Composition : 84% polyester, 14% viscose, 2% \u00e9lasthanne<\/p>\n<\/li>\n<li data-start=\"1117\" data-end=\"1145\">\n<p data-start=\"1119\" data-end=\"1145\">Coupe fluide et \u00e9l\u00e9gante<\/p>\n<\/li>\n<li data-start=\"1146\" data-end=\"1168\">\n<p data-start=\"1148\" data-end=\"1168\">Pinces sur l\u2019avant<\/p>\n<\/li>\n<li data-start=\"1169\" data-end=\"1188\">\n<p data-start=\"1171\" data-end=\"1188\">Taille mi-haute<\/p>\n<\/li>\n<li data-start=\"1189\" data-end=\"1234\">\n<p data-start=\"1191\" data-end=\"1234\">Mati\u00e8re confortable et l\u00e9g\u00e8rement stretch<\/p>\n<\/li>\n<\/ul>\n<h4 data-start=\"1236\" data-end=\"1258\"><strong>Conseils de look<\/strong><\/h4>\n<p data-start=\"1259\" data-end=\"1633\">Associez le pantalon <strong data-start=\"1280\" data-end=\"1288\">ENZO<\/strong> \u00e0 une <strong data-start=\"1295\" data-end=\"1313\">chemise fluide<\/strong> pour un look bureau chic, ou \u00e0 un <strong data-start=\"1348\" data-end=\"1376\">pull sans manches MILANO<\/strong> pour une allure plus moderne.<br data-start=\"1406\" data-end=\"1409\" \/>Port\u00e9 avec des <strong data-start=\"1424\" data-end=\"1444\">baskets blanches<\/strong>, il devient d\u00e9contract\u00e9 ; avec des <strong data-start=\"1480\" data-end=\"1509\">bottines ou des mocassins<\/strong>, il r\u00e9v\u00e8le tout son raffinement.<br data-start=\"1542\" data-end=\"1545\" \/>Compl\u00e9tez la silhouette avec un <strong data-start=\"1577\" data-end=\"1594\">blazer ajust\u00e9<\/strong> pour un total look tailleur \u00e9l\u00e9gant.<\/p>\n<h4 data-start=\"1635\" data-end=\"1645\"><strong>\u2753FAQ<\/strong><\/h4>\n<p data-start=\"1646\" data-end=\"1813\"><strong data-start=\"1646\" data-end=\"1694\">\u2192 Le pantalon ENZO taille-t-il normalement ?<\/strong><br data-start=\"1694\" data-end=\"1697\" \/>Oui, il taille correctement. Si vous \u00eates entre deux tailles, choisissez la plus grande pour un tomb\u00e9 plus fluide.<\/p>\n<p data-start=\"1815\" data-end=\"1969\"><strong data-start=\"1815\" data-end=\"1857\">\u2192 Est-il adapt\u00e9 \u00e0 un usage quotidien ?<\/strong><br data-start=\"1857\" data-end=\"1860\" \/>Parfaitement, sa mati\u00e8re souple et r\u00e9sistante en fait un alli\u00e9 id\u00e9al pour le bureau comme pour les sorties.<\/p>\n<p data-start=\"1971\" data-end=\"2075\"><strong data-start=\"1971\" data-end=\"1999\">\u2192 Comment l\u2019entretenir ?<\/strong><br data-start=\"1999\" data-end=\"2002\" \/>Lavage \u00e0 30\u00b0 sur l\u2019envers, cycle d\u00e9licat. Repassage doux si n\u00e9cessaire.<\/p>\n","protected":false},"excerpt":{"rendered":"<h4 data-start=\"208\" data-end=\"259\"><strong>Le pantalon de tailleur chic et confortable<\/strong><\/h4>\n<p data-start=\"260\" data-end=\"514\">Le <strong data-start=\"263\" data-end=\"280\">pantalon ENZO<\/strong> revisite le classique du tailleur avec une <strong data-start=\"324\" data-end=\"352\">coupe \u00e9l\u00e9gante et fluide<\/strong> dans une teinte <strong data-start=\"369\" data-end=\"392\">brun fonc\u00e9 profonde<\/strong>.<\/p>\n<p data-start=\"260\" data-end=\"514\">Con\u00e7u dans une mati\u00e8re souple et l\u00e9g\u00e8rement extensible, il offre <strong data-start=\"461\" data-end=\"484\">confort et maintien<\/strong> tout au long de la journ\u00e9e.<\/p>\n","protected":false},"featured_media":4508,"comment_status":"open","ping_status":"closed","template":"","meta":{"_et_pb_use_builder":"","_et_pb_old_content":"","_et_gb_content_width":"","om_disable_all_campaigns":false},"product_brand":[],"product_cat":[40],"product_tag":[],"class_list":{"0":"post-4506","1":"product","2":"type-product","3":"status-publish","4":"has-post-thumbnail","6":"product_cat-bas","8":"first","9":"instock","10":"taxable","11":"shipping-taxable","12":"purchasable","13":"product-type-variable","14":"has-default-attributes"},"yoast_head":"<!-- This site is optimized with the Yoast SEO plugin v27.2 - https:\/\/yoast.com\/product\/yoast-seo-wordpress\/ -->\n<title>Pantalon de tailleur ENZO \u2013 brun fonc\u00e9 - Popeline Store, boutique pr\u00eat \u00e0 porter sur B\u00e9ziers<\/title>\n<meta name=\"robots\" content=\"index, follow, max-snippet:-1, max-image-preview:large, max-video-preview:-1\" \/>\n<link rel=\"canonical\" href=\"https:\/\/www.popeline-store.com\/index.php\/produit\/pantalon-de-tailleur-enzo-brun-fonce\/\" \/>\n<meta property=\"og:locale\" content=\"fr_FR\" \/>\n<meta property=\"og:type\" content=\"article\" \/>\n<meta property=\"og:title\" content=\"Pantalon de tailleur ENZO \u2013 brun fonc\u00e9 - Popeline Store, boutique pr\u00eat \u00e0 porter sur B\u00e9ziers\" \/>\n<meta property=\"og:description\" content=\"Le pantalon de tailleur chic et confortable Le pantalon ENZO revisite le classique du tailleur avec une coupe \u00e9l\u00e9gante et fluide dans une teinte brun fonc\u00e9 profonde. Con\u00e7u dans une mati\u00e8re souple et l\u00e9g\u00e8rement extensible, il offre confort et maintien tout au long de la journ\u00e9e.\" \/>\n<meta property=\"og:url\" content=\"https:\/\/www.popeline-store.com\/index.php\/produit\/pantalon-de-tailleur-enzo-brun-fonce\/\" \/>\n<meta property=\"og:site_name\" content=\"Popeline Store, boutique pr\u00eat \u00e0 porter sur B\u00e9ziers\" \/>\n<meta property=\"article:modified_time\" content=\"2025-12-22T14:52:11+00:00\" \/>\n<meta property=\"og:image\" content=\"https:\/\/www.popeline-store.com\/wp-content\/uploads\/2025\/11\/POPELINE-BEZIERS-PANTALON-ENZO-2.jpeg\" \/>\n\t<meta property=\"og:image:width\" content=\"2316\" \/>\n\t<meta property=\"og:image:height\" content=\"2316\" \/>\n\t<meta property=\"og:image:type\" content=\"image\/jpeg\" \/>\n<meta name=\"twitter:card\" content=\"summary_large_image\" \/>\n<meta name=\"twitter:label1\" content=\"Dur\u00e9e de lecture estim\u00e9e\" \/>\n\t<meta name=\"twitter:data1\" content=\"2 minutes\" \/>\n<script type=\"application\/ld+json\" class=\"yoast-schema-graph\">{\"@context\":\"https:\/\/schema.org\",\"@graph\":[{\"@type\":\"WebPage\",\"@id\":\"https:\/\/www.popeline-store.com\/index.php\/produit\/pantalon-de-tailleur-enzo-brun-fonce\/\",\"url\":\"https:\/\/www.popeline-store.com\/index.php\/produit\/pantalon-de-tailleur-enzo-brun-fonce\/\",\"name\":\"Pantalon de tailleur ENZO \u2013 brun fonc\u00e9 - Popeline Store, boutique pr\u00eat \u00e0 porter sur B\u00e9ziers\",\"isPartOf\":{\"@id\":\"https:\/\/www.popeline-store.com\/#website\"},\"primaryImageOfPage\":{\"@id\":\"https:\/\/www.popeline-store.com\/index.php\/produit\/pantalon-de-tailleur-enzo-brun-fonce\/#primaryimage\"},\"image\":{\"@id\":\"https:\/\/www.popeline-store.com\/index.php\/produit\/pantalon-de-tailleur-enzo-brun-fonce\/#primaryimage\"},\"thumbnailUrl\":\"https:\/\/www.popeline-store.com\/wp-content\/uploads\/2025\/11\/POPELINE-BEZIERS-PANTALON-ENZO-2.jpeg\",\"datePublished\":\"2025-11-02T14:53:49+00:00\",\"dateModified\":\"2025-12-22T14:52:11+00:00\",\"breadcrumb\":{\"@id\":\"https:\/\/www.popeline-store.com\/index.php\/produit\/pantalon-de-tailleur-enzo-brun-fonce\/#breadcrumb\"},\"inLanguage\":\"fr-FR\",\"potentialAction\":[{\"@type\":\"ReadAction\",\"target\":[\"https:\/\/www.popeline-store.com\/index.php\/produit\/pantalon-de-tailleur-enzo-brun-fonce\/\"]}]},{\"@type\":\"ImageObject\",\"inLanguage\":\"fr-FR\",\"@id\":\"https:\/\/www.popeline-store.com\/index.php\/produit\/pantalon-de-tailleur-enzo-brun-fonce\/#primaryimage\",\"url\":\"https:\/\/www.popeline-store.com\/wp-content\/uploads\/2025\/11\/POPELINE-BEZIERS-PANTALON-ENZO-2.jpeg\",\"contentUrl\":\"https:\/\/www.popeline-store.com\/wp-content\/uploads\/2025\/11\/POPELINE-BEZIERS-PANTALON-ENZO-2.jpeg\",\"width\":2316,\"height\":2316},{\"@type\":\"BreadcrumbList\",\"@id\":\"https:\/\/www.popeline-store.com\/index.php\/produit\/pantalon-de-tailleur-enzo-brun-fonce\/#breadcrumb\",\"itemListElement\":[{\"@type\":\"ListItem\",\"position\":1,\"name\":\"Accueil\",\"item\":\"https:\/\/www.popeline-store.com\/\"},{\"@type\":\"ListItem\",\"position\":2,\"name\":\"Boutique\",\"item\":\"https:\/\/www.popeline-store.com\/index.php\/popeline-beziers-page-boutique\/\"},{\"@type\":\"ListItem\",\"position\":3,\"name\":\"Pantalon de tailleur ENZO \u2013 brun fonc\u00e9\"}]},{\"@type\":\"WebSite\",\"@id\":\"https:\/\/www.popeline-store.com\/#website\",\"url\":\"https:\/\/www.popeline-store.com\/\",\"name\":\"Popeline B\u00e9ziers, boutique pr\u00eat \u00e0 porter sur B\u00e9ziers\",\"description\":\"Popeline est une boutique de mode f\u00e9minine situ\u00e9e \u00e0 B\u00e9ziers, H\u00e9rault, France. Vous y trouverez une large gamme de v\u00eatements tendance, accessoires \u00e9l\u00e9gants ..\",\"publisher\":{\"@id\":\"https:\/\/www.popeline-store.com\/#organization\"},\"potentialAction\":[{\"@type\":\"SearchAction\",\"target\":{\"@type\":\"EntryPoint\",\"urlTemplate\":\"https:\/\/www.popeline-store.com\/?s={search_term_string}\"},\"query-input\":{\"@type\":\"PropertyValueSpecification\",\"valueRequired\":true,\"valueName\":\"search_term_string\"}}],\"inLanguage\":\"fr-FR\"},{\"@type\":\"Organization\",\"@id\":\"https:\/\/www.popeline-store.com\/#organization\",\"name\":\"Popeline \u00e0 B\u00e9ziers, boutique pr\u00eat \u00e0 porter sur B\u00e9ziers\",\"url\":\"https:\/\/www.popeline-store.com\/\",\"logo\":{\"@type\":\"ImageObject\",\"inLanguage\":\"fr-FR\",\"@id\":\"https:\/\/www.popeline-store.com\/#\/schema\/logo\/image\/\",\"url\":\"https:\/\/www.popeline-store.com\/wp-content\/uploads\/2024\/12\/PopLogoReduc.png\",\"contentUrl\":\"https:\/\/www.popeline-store.com\/wp-content\/uploads\/2024\/12\/PopLogoReduc.png\",\"width\":500,\"height\":500,\"caption\":\"Popeline \u00e0 B\u00e9ziers, boutique pr\u00eat \u00e0 porter sur B\u00e9ziers\"},\"image\":{\"@id\":\"https:\/\/www.popeline-store.com\/#\/schema\/logo\/image\/\"},\"sameAs\":[\"https:\/\/www.instagram.com\/popeline_beziers\/\"]}]}<\/script>\n<!-- \/ Yoast SEO plugin. -->","yoast_head_json":{"title":"Pantalon de tailleur ENZO \u2013 brun fonc\u00e9 - Popeline Store, boutique pr\u00eat \u00e0 porter sur B\u00e9ziers","robots":{"index":"index","follow":"follow","max-snippet":"max-snippet:-1","max-image-preview":"max-image-preview:large","max-video-preview":"max-video-preview:-1"},"canonical":"https:\/\/www.popeline-store.com\/index.php\/produit\/pantalon-de-tailleur-enzo-brun-fonce\/","og_locale":"fr_FR","og_type":"article","og_title":"Pantalon de tailleur ENZO \u2013 brun fonc\u00e9 - Popeline Store, boutique pr\u00eat \u00e0 porter sur B\u00e9ziers","og_description":"Le pantalon de tailleur chic et confortable Le pantalon ENZO revisite le classique du tailleur avec une coupe \u00e9l\u00e9gante et fluide dans une teinte brun fonc\u00e9 profonde. Con\u00e7u dans une mati\u00e8re souple et l\u00e9g\u00e8rement extensible, il offre confort et maintien tout au long de la journ\u00e9e.","og_url":"https:\/\/www.popeline-store.com\/index.php\/produit\/pantalon-de-tailleur-enzo-brun-fonce\/","og_site_name":"Popeline Store, boutique pr\u00eat \u00e0 porter sur B\u00e9ziers","article_modified_time":"2025-12-22T14:52:11+00:00","og_image":[{"width":2316,"height":2316,"url":"https:\/\/www.popeline-store.com\/wp-content\/uploads\/2025\/11\/POPELINE-BEZIERS-PANTALON-ENZO-2.jpeg","type":"image\/jpeg"}],"twitter_card":"summary_large_image","twitter_misc":{"Dur\u00e9e de lecture estim\u00e9e":"2 minutes"},"schema":{"@context":"https:\/\/schema.org","@graph":[{"@type":"WebPage","@id":"https:\/\/www.popeline-store.com\/index.php\/produit\/pantalon-de-tailleur-enzo-brun-fonce\/","url":"https:\/\/www.popeline-store.com\/index.php\/produit\/pantalon-de-tailleur-enzo-brun-fonce\/","name":"Pantalon de tailleur ENZO \u2013 brun fonc\u00e9 - Popeline Store, boutique pr\u00eat \u00e0 porter sur B\u00e9ziers","isPartOf":{"@id":"https:\/\/www.popeline-store.com\/#website"},"primaryImageOfPage":{"@id":"https:\/\/www.popeline-store.com\/index.php\/produit\/pantalon-de-tailleur-enzo-brun-fonce\/#primaryimage"},"image":{"@id":"https:\/\/www.popeline-store.com\/index.php\/produit\/pantalon-de-tailleur-enzo-brun-fonce\/#primaryimage"},"thumbnailUrl":"https:\/\/www.popeline-store.com\/wp-content\/uploads\/2025\/11\/POPELINE-BEZIERS-PANTALON-ENZO-2.jpeg","datePublished":"2025-11-02T14:53:49+00:00","dateModified":"2025-12-22T14:52:11+00:00","breadcrumb":{"@id":"https:\/\/www.popeline-store.com\/index.php\/produit\/pantalon-de-tailleur-enzo-brun-fonce\/#breadcrumb"},"inLanguage":"fr-FR","potentialAction":[{"@type":"ReadAction","target":["https:\/\/www.popeline-store.com\/index.php\/produit\/pantalon-de-tailleur-enzo-brun-fonce\/"]}]},{"@type":"ImageObject","inLanguage":"fr-FR","@id":"https:\/\/www.popeline-store.com\/index.php\/produit\/pantalon-de-tailleur-enzo-brun-fonce\/#primaryimage","url":"https:\/\/www.popeline-store.com\/wp-content\/uploads\/2025\/11\/POPELINE-BEZIERS-PANTALON-ENZO-2.jpeg","contentUrl":"https:\/\/www.popeline-store.com\/wp-content\/uploads\/2025\/11\/POPELINE-BEZIERS-PANTALON-ENZO-2.jpeg","width":2316,"height":2316},{"@type":"BreadcrumbList","@id":"https:\/\/www.popeline-store.com\/index.php\/produit\/pantalon-de-tailleur-enzo-brun-fonce\/#breadcrumb","itemListElement":[{"@type":"ListItem","position":1,"name":"Accueil","item":"https:\/\/www.popeline-store.com\/"},{"@type":"ListItem","position":2,"name":"Boutique","item":"https:\/\/www.popeline-store.com\/index.php\/popeline-beziers-page-boutique\/"},{"@type":"ListItem","position":3,"name":"Pantalon de tailleur ENZO \u2013 brun fonc\u00e9"}]},{"@type":"WebSite","@id":"https:\/\/www.popeline-store.com\/#website","url":"https:\/\/www.popeline-store.com\/","name":"Popeline B\u00e9ziers, boutique pr\u00eat \u00e0 porter sur B\u00e9ziers","description":"Popeline est une boutique de mode f\u00e9minine situ\u00e9e \u00e0 B\u00e9ziers, H\u00e9rault, France. Vous y trouverez une large gamme de v\u00eatements tendance, accessoires \u00e9l\u00e9gants ..","publisher":{"@id":"https:\/\/www.popeline-store.com\/#organization"},"potentialAction":[{"@type":"SearchAction","target":{"@type":"EntryPoint","urlTemplate":"https:\/\/www.popeline-store.com\/?s={search_term_string}"},"query-input":{"@type":"PropertyValueSpecification","valueRequired":true,"valueName":"search_term_string"}}],"inLanguage":"fr-FR"},{"@type":"Organization","@id":"https:\/\/www.popeline-store.com\/#organization","name":"Popeline \u00e0 B\u00e9ziers, boutique pr\u00eat \u00e0 porter sur B\u00e9ziers","url":"https:\/\/www.popeline-store.com\/","logo":{"@type":"ImageObject","inLanguage":"fr-FR","@id":"https:\/\/www.popeline-store.com\/#\/schema\/logo\/image\/","url":"https:\/\/www.popeline-store.com\/wp-content\/uploads\/2024\/12\/PopLogoReduc.png","contentUrl":"https:\/\/www.popeline-store.com\/wp-content\/uploads\/2024\/12\/PopLogoReduc.png","width":500,"height":500,"caption":"Popeline \u00e0 B\u00e9ziers, boutique pr\u00eat \u00e0 porter sur B\u00e9ziers"},"image":{"@id":"https:\/\/www.popeline-store.com\/#\/schema\/logo\/image\/"},"sameAs":["https:\/\/www.instagram.com\/popeline_beziers\/"]}]}},"jetpack_sharing_enabled":true,"_links":{"self":[{"href":"https:\/\/www.popeline-store.com\/index.php\/wp-json\/wp\/v2\/product\/4506","targetHints":{"allow":["GET"]}}],"collection":[{"href":"https:\/\/www.popeline-store.com\/index.php\/wp-json\/wp\/v2\/product"}],"about":[{"href":"https:\/\/www.popeline-store.com\/index.php\/wp-json\/wp\/v2\/types\/product"}],"replies":[{"embeddable":true,"href":"https:\/\/www.popeline-store.com\/index.php\/wp-json\/wp\/v2\/comments?post=4506"}],"wp:featuredmedia":[{"embeddable":true,"href":"https:\/\/www.popeline-store.com\/index.php\/wp-json\/wp\/v2\/media\/4508"}],"wp:attachment":[{"href":"https:\/\/www.popeline-store.com\/index.php\/wp-json\/wp\/v2\/media?parent=4506"}],"wp:term":[{"taxonomy":"product_brand","embeddable":true,"href":"https:\/\/www.popeline-store.com\/index.php\/wp-json\/wp\/v2\/product_brand?post=4506"},{"taxonomy":"product_cat","embeddable":true,"href":"https:\/\/www.popeline-store.com\/index.php\/wp-json\/wp\/v2\/product_cat?post=4506"},{"taxonomy":"product_tag","embeddable":true,"href":"https:\/\/www.popeline-store.com\/index.php\/wp-json\/wp\/v2\/product_tag?post=4506"}],"curies":[{"name":"wp","href":"https:\/\/api.w.org\/{rel}","templated":true}]}}